{"id":1637,"date":"2023-11-09T16:57:36","date_gmt":"2023-11-09T15:57:36","guid":{"rendered":"https:\/\/angelagomezponce.com\/?page_id=1637"},"modified":"2025-10-01T15:21:08","modified_gmt":"2025-10-01T13:21:08","slug":"publicaciones","status":"publish","type":"page","link":"https:\/\/angelagomezponce.com\/index.php\/publicaciones\/","title":{"rendered":"Publicaciones"},"content":{"rendered":"\t\t<div data-elementor-type=\"wp-page\" data-elementor-id=\"1637\" class=\"elementor elementor-1637\" data-elementor-post-type=\"page\">\n\t\t\t\t\t\t\t\t\t<section class=\"elementor-section elementor-top-section elementor-element elementor-element-dc3fa32 elementor-section-boxed elementor-section-height-default elementor-section-height-default\" data-id=\"dc3fa32\" data-element_type=\"section\">\n\t\t\t\t\t\t<div class=\"elementor-container elementor-column-gap-default\">\n\t\t\t\t\t<div class=\"elementor-column elementor-col-100 elementor-top-column elementor-element elementor-element-2ac00e5\" data-id=\"2ac00e5\" data-element_type=\"column\">\n\t\t\t<div class=\"elementor-widget-wrap elementor-element-populated\">\n\t\t\t\t\t\t\t\t<div class=\"elementor-element elementor-element-b49aacc elementor-widget elementor-widget-image\" data-id=\"b49aacc\" data-element_type=\"widget\" data-widget_type=\"image.default\">\n\t\t\t\t<div class=\"elementor-widget-container\">\n\t\t\t<style>\/*! elementor - v3.14.0 - 26-06-2023 *\/\n.elementor-widget-image{text-align:center}.elementor-widget-image a{display:inline-block}.elementor-widget-image a img[src$=\".svg\"]{width:48px}.elementor-widget-image img{vertical-align:middle;display:inline-block}<\/style>\t\t\t\t\t\t\t\t\t\t\t\t\t<a href=\"https:\/\/angelagomezponce.com\/index.php\/cuentos-infantiles-educar-en-positivo\/\">\n\t\t\t\t\t\t\t<img loading=\"lazy\" decoding=\"async\" width=\"300\" height=\"300\" src=\"https:\/\/angelagomezponce.com\/wp-content\/uploads\/2023\/11\/Diseno-sin-titulo-31.jpg\" class=\"attachment-large size-large wp-image-1643\" alt=\"\" srcset=\"https:\/\/angelagomezponce.com\/wp-content\/uploads\/2023\/11\/Diseno-sin-titulo-31.jpg 300w, https:\/\/angelagomezponce.com\/wp-content\/uploads\/2023\/11\/Diseno-sin-titulo-31-150x150.jpg 150w\" sizes=\"auto, (max-width: 300px) 100vw, 300px\" \/>\t\t\t\t\t\t\t\t<\/a>\n\t\t\t\t\t\t\t\t\t\t\t\t\t\t\t<\/div>\n\t\t\t\t<\/div>\n\t\t\t\t\t<\/div>\n\t\t<\/div>\n\t\t\t\t\t\t\t<\/div>\n\t\t<\/section>\n\t\t\t\t<section class=\"elementor-section elementor-top-section elementor-element elementor-element-a05ac35 elementor-section-boxed elementor-section-height-default elementor-section-height-default\" data-id=\"a05ac35\" data-element_type=\"section\">\n\t\t\t\t\t\t<div class=\"elementor-container elementor-column-gap-default\">\n\t\t\t\t\t<div class=\"elementor-column elementor-col-100 elementor-top-column elementor-element elementor-element-9c133b8\" data-id=\"9c133b8\" data-element_type=\"column\">\n\t\t\t<div class=\"elementor-widget-wrap elementor-element-populated\">\n\t\t\t\t\t\t\t\t<div class=\"elementor-element elementor-element-5a4ac6b elementor-align-center elementor-widget elementor-widget-button\" data-id=\"5a4ac6b\" data-element_type=\"widget\" data-widget_type=\"button.default\">\n\t\t\t\t<div class=\"elementor-widget-container\">\n\t\t\t\t\t<div class=\"elementor-button-wrapper\">\n\t\t\t<a class=\"elementor-button elementor-button-link elementor-size-sm\" href=\"https:\/\/angelagomezponce.com\/index.php\/cuentos-infantiles-educar-en-positivo\/\">\n\t\t\t\t\t\t<span class=\"elementor-button-content-wrapper\">\n\t\t\t\t\t\t<span class=\"elementor-button-text\">ACCEDER AQU\u00cd<\/span>\n\t\t<\/span>\n\t\t\t\t\t<\/a>\n\t\t<\/div>\n\t\t\t\t<\/div>\n\t\t\t\t<\/div>\n\t\t\t\t\t<\/div>\n\t\t<\/div>\n\t\t\t\t\t\t\t<\/div>\n\t\t<\/section>\n\t\t\t\t<section class=\"elementor-section elementor-top-section elementor-element elementor-element-0f16fec elementor-section-boxed elementor-section-height-default elementor-section-height-default\" data-id=\"0f16fec\" data-element_type=\"section\">\n\t\t\t\t\t\t<div class=\"elementor-container elementor-column-gap-default\">\n\t\t\t\t\t<div class=\"elementor-column elementor-col-100 elementor-top-column elementor-element elementor-element-58eaf10\" data-id=\"58eaf10\" data-element_type=\"column\">\n\t\t\t<div class=\"elementor-widget-wrap elementor-element-populated\">\n\t\t\t\t\t\t\t\t<div class=\"elementor-element elementor-element-97be3ef elementor-widget elementor-widget-text-editor\" data-id=\"97be3ef\" data-element_type=\"widget\" data-widget_type=\"text-editor.default\">\n\t\t\t\t<div class=\"elementor-widget-container\">\n\t\t\t<style>\/*! elementor - v3.14.0 - 26-06-2023 *\/\n.elementor-widget-text-editor.elementor-drop-cap-view-stacked .elementor-drop-cap{background-color:#69727d;color:#fff}.elementor-widget-text-editor.elementor-drop-cap-view-framed .elementor-drop-cap{color:#69727d;border:3px solid;background-color:transparent}.elementor-widget-text-editor:not(.elementor-drop-cap-view-default) .elementor-drop-cap{margin-top:8px}.elementor-widget-text-editor:not(.elementor-drop-cap-view-default) .elementor-drop-cap-letter{width:1em;height:1em}.elementor-widget-text-editor .elementor-drop-cap{float:left;text-align:center;line-height:1;font-size:50px}.elementor-widget-text-editor .elementor-drop-cap-letter{display:inline-block}<\/style>\t\t\t\t<p><br><\/p><p>Basados en las ideas de Carl Rogers (1902-1987) sobre la importancia de la \u201cvaloraci\u00f3n positiva incondicional\u201d en la infancia para el bienestar emocional y la salud mental, estos cuentos proponen a las familias un viaje de reflexi\u00f3n compartida.<\/p>\n<p>A trav\u00e9s de sus p\u00e1ginas se abre un espacio donde cada ni\u00f1o y ni\u00f1a puede sentirse querido y aceptado tal cual es, con la libertad de descubrir sus intereses y desarrollar su autenticidad.<\/p>\n<p>Son historias que invitan a educar desde el afecto, fortaleciendo la empat\u00eda, la confianza en uno mismo y el respeto hacia los dem\u00e1s.<\/p>\n<p><\/p>\t\t\t\t\t\t<\/div>\n\t\t\t\t<\/div>\n\t\t\t\t\t<\/div>\n\t\t<\/div>\n\t\t\t\t\t\t\t<\/div>\n\t\t<\/section>\n\t\t\t\t<section class=\"elementor-section elementor-top-section elementor-element elementor-element-b6a05c2 elementor-section-boxed elementor-section-height-default elementor-section-height-default\" data-id=\"b6a05c2\" data-element_type=\"section\">\n\t\t\t\t\t\t<div class=\"elementor-container elementor-column-gap-default\">\n\t\t\t\t\t<div class=\"elementor-column elementor-col-100 elementor-top-column elementor-element elementor-element-4614917\" data-id=\"4614917\" data-element_type=\"column\">\n\t\t\t<div class=\"elementor-widget-wrap elementor-element-populated\">\n\t\t\t\t\t\t\t\t<div class=\"elementor-element elementor-element-80b5321 elementor-widget elementor-widget-image\" data-id=\"80b5321\" data-element_type=\"widget\" data-widget_type=\"image.default\">\n\t\t\t\t<div class=\"elementor-widget-container\">\n\t\t\t\t\t\t\t\t\t\t\t\t\t\t\t<img loading=\"lazy\" decoding=\"async\" width=\"1024\" height=\"768\" src=\"https:\/\/angelagomezponce.com\/wp-content\/uploads\/2025\/10\/WhatsApp-Image-2025-10-01-at-15.08.54-1024x768.jpeg\" class=\"attachment-large size-large wp-image-2057\" alt=\"\" srcset=\"https:\/\/angelagomezponce.com\/wp-content\/uploads\/2025\/10\/WhatsApp-Image-2025-10-01-at-15.08.54-1024x768.jpeg 1024w, https:\/\/angelagomezponce.com\/wp-content\/uploads\/2025\/10\/WhatsApp-Image-2025-10-01-at-15.08.54-300x225.jpeg 300w, https:\/\/angelagomezponce.com\/wp-content\/uploads\/2025\/10\/WhatsApp-Image-2025-10-01-at-15.08.54-768x576.jpeg 768w, https:\/\/angelagomezponce.com\/wp-content\/uploads\/2025\/10\/WhatsApp-Image-2025-10-01-at-15.08.54-1536x1152.jpeg 1536w, https:\/\/angelagomezponce.com\/wp-content\/uploads\/2025\/10\/WhatsApp-Image-2025-10-01-at-15.08.54.jpeg 2040w\" sizes=\"auto, (max-width: 1024px) 100vw, 1024px\" \/>\t\t\t\t\t\t\t\t\t\t\t\t\t\t\t<\/div>\n\t\t\t\t<\/div>\n\t\t\t\t<div class=\"elementor-element elementor-element-cf3ce9c elementor-widget elementor-widget-image\" data-id=\"cf3ce9c\" data-element_type=\"widget\" data-widget_type=\"image.default\">\n\t\t\t\t<div class=\"elementor-widget-container\">\n\t\t\t\t\t\t\t\t\t\t\t\t\t\t\t<img loading=\"lazy\" decoding=\"async\" width=\"1024\" height=\"682\" src=\"https:\/\/angelagomezponce.com\/wp-content\/uploads\/2025\/09\/WhatsApp-Image-2025-09-30-at-14.27.24-1024x682.jpeg\" class=\"attachment-large size-large wp-image-1924\" alt=\"\" srcset=\"https:\/\/angelagomezponce.com\/wp-content\/uploads\/2025\/09\/WhatsApp-Image-2025-09-30-at-14.27.24-1024x682.jpeg 1024w, https:\/\/angelagomezponce.com\/wp-content\/uploads\/2025\/09\/WhatsApp-Image-2025-09-30-at-14.27.24-300x200.jpeg 300w, https:\/\/angelagomezponce.com\/wp-content\/uploads\/2025\/09\/WhatsApp-Image-2025-09-30-at-14.27.24-768x512.jpeg 768w, https:\/\/angelagomezponce.com\/wp-content\/uploads\/2025\/09\/WhatsApp-Image-2025-09-30-at-14.27.24-1536x1024.jpeg 1536w, https:\/\/angelagomezponce.com\/wp-content\/uploads\/2025\/09\/WhatsApp-Image-2025-09-30-at-14.27.24-2048x1365.jpeg 2048w\" sizes=\"auto, (max-width: 1024px) 100vw, 1024px\" \/>\t\t\t\t\t\t\t\t\t\t\t\t\t\t\t<\/div>\n\t\t\t\t<\/div>\n\t\t\t\t\t<\/div>\n\t\t<\/div>\n\t\t\t\t\t\t\t<\/div>\n\t\t<\/section>\n\t\t\t\t<section class=\"elementor-section elementor-top-section elementor-element elementor-element-6a2bafc elementor-section-boxed elementor-section-height-default elementor-section-height-default\" data-id=\"6a2bafc\" data-element_type=\"section\">\n\t\t\t\t\t\t<div class=\"elementor-container elementor-column-gap-default\">\n\t\t\t\t\t<div class=\"elementor-column elementor-col-100 elementor-top-column elementor-element elementor-element-e89d6f6\" data-id=\"e89d6f6\" data-element_type=\"column\">\n\t\t\t<div class=\"elementor-widget-wrap\">\n\t\t\t\t\t\t\t\t\t<\/div>\n\t\t<\/div>\n\t\t\t\t\t\t\t<\/div>\n\t\t<\/section>\n\t\t\t\t\t\t\t<\/div>\n\t\t","protected":false},"excerpt":{"rendered":"<p>ACCEDER AQU\u00cd Basados en las ideas de Carl Rogers (1902-1987) sobre la importancia de la \u201cvaloraci\u00f3n positiva incondicional\u201d en la infancia para el bienestar emocional y la salud mental, estos cuentos proponen a las familias un viaje de reflexi\u00f3n compartida. A trav\u00e9s de sus p\u00e1ginas se abre un espacio donde cada ni\u00f1o y ni\u00f1a puede &hellip;<\/p>\n<p class=\"read-more\"> <a class=\"\" href=\"https:\/\/angelagomezponce.com\/index.php\/publicaciones\/\"> <span class=\"screen-reader-text\">Publicaciones<\/span> Leer m\u00e1s &raquo;<\/a><\/p>\n","protected":false},"author":1,"featured_media":0,"parent":0,"menu_order":0,"comment_status":"closed","ping_status":"closed","template":"","meta":{"_monsterinsights_skip_tracking":false,"_monsterinsights_sitenote_active":false,"_monsterinsights_sitenote_note":"","_monsterinsights_sitenote_category":0,"site-sidebar-layout":"no-sidebar","site-content-layout":"page-builder","ast-global-header-display":"","ast-banner-title-visibility":"","ast-main-header-display":"","ast-hfb-above-header-display":"","ast-hfb-below-header-display":"","ast-hfb-mobile-header-display":"","site-post-title":"disabled","ast-breadcrumbs-content":"","ast-featured-img":"disabled","footer-sml-layout":"","theme-transparent-header-meta":"","adv-header-id-meta":"","stick-header-meta":"","header-above-stick-meta":"","header-main-stick-meta":"","header-below-stick-meta":"","footnotes":""},"class_list":["post-1637","page","type-page","status-publish","hentry"],"aioseo_notices":[],"_links":{"self":[{"href":"https:\/\/angelagomezponce.com\/index.php\/wp-json\/wp\/v2\/pages\/1637","targetHints":{"allow":["GET"]}}],"collection":[{"href":"https:\/\/angelagomezponce.com\/index.php\/wp-json\/wp\/v2\/pages"}],"about":[{"href":"https:\/\/angelagomezponce.com\/index.php\/wp-json\/wp\/v2\/types\/page"}],"author":[{"embeddable":true,"href":"https:\/\/angelagomezponce.com\/index.php\/wp-json\/wp\/v2\/users\/1"}],"replies":[{"embeddable":true,"href":"https:\/\/angelagomezponce.com\/index.php\/wp-json\/wp\/v2\/comments?post=1637"}],"version-history":[{"count":64,"href":"https:\/\/angelagomezponce.com\/index.php\/wp-json\/wp\/v2\/pages\/1637\/revisions"}],"predecessor-version":[{"id":2073,"href":"https:\/\/angelagomezponce.com\/index.php\/wp-json\/wp\/v2\/pages\/1637\/revisions\/2073"}],"wp:attachment":[{"href":"https:\/\/angelagomezponce.com\/index.php\/wp-json\/wp\/v2\/media?parent=1637"}],"curies":[{"name":"wp","href":"https:\/\/api.w.org\/{rel}","templated":true}]}}